r when 2547018 is divided by 46?
44
What is the remainder when 1243 is divided by 52?
47
Calculate the remainder when 137019 is divided by 34252.
11
What is the remainder when 518273 is divided by 9?
8
What is the remainder when 44610 is divided by 1439?
1
Calculate the remainder when 9240 is divided by 8395.
845
Calculate the remainder when 85136 is divided by 72.
32
Calculate the remainder when 769 is divided by 36.
13
Calculate the remainder when 73965 is divided by 130.
125
What is the remainder when 905 is divided by 819?
86
What is the remainder when 2472 is divided by 204?
24
Calculate the remainder when 96790 is divided by 45.
40
What is the remainder when 63534 is divided by 8?
6
Calculate the remainder when 1146 is divided by 1012.
134
Calculate the remainder when 2874 is divided by 863.
285
Calculate the remainder when 2753 is divided by 1354.
45
Calculate the remainder when 6664 is divided by 513.
508
What is the remainder when 3903 is divided by 433?
6
Calculate the remainder when 2352 is divided by 151.
87
What is the remainder when 129484 is divided by 6814?
18
Calculate the remainder when 138200 is divided by 86.
84
What is the remainder when 98273 is divided by 156?
149
Calculate the remainder when 1788 is divided by 71.
13
What is the remainder when 1981 is divided by 491?
17
Calculate the remainder when 81300 is divided by 585.
570
Calculate the remainder when 7979 is divided by 3983.
13
Calculate the remainder when 984 is divided by 81.
12
Calculate the remainder when 10163 is divided by 10121.
42
Calculate the remainder when 474719 is divided by 344.
343
Calculate the remainder when 3451 is divided by 1557.
337
What is the remainder when 203339 is divided by 347?
344
What is the remainder when 507 is divided by 161?
24
Calculate the remainder when 30507 is divided by 5.
2
Calculate the remainder when 17062419 is divided by 39.
36
Calculate the remainder when 392268 is divided by 60.
48
Calculate the remainder when 53469 is divided by 328.
5
Calculate the remainder when 130089 is divided by 35.
29
What is the remainder when 1256 is divided by 139?
5
Calculate the remainder when 66601 is divided by 85.
46
Calculate the remainder when 14662 is divided by 14599.
63
What is the remainder when 11421 is divided by 5705?
11
What is the remainder when 2242 is divided by 558?
10
Calculate the remainder when 1214 is divided by 872.
342
Calculate the remainder when 4830 is divided by 689.
7
Calculate the remainder when 160371 is divided by 44.
35
Calculate the remainder when 15490 is divided by 490.
300
What is the remainder when 12046 is divided by 631?
57
What is the remainder when 13997 is divided by 18?
11
What is the remainder when 41109 is divided by 22?
13
Calculate the remainder when 1290 is divided by 495.
300
Calculate the remainder when 13453 is divided by 39.
37
What is the remainder when 224189 is divided by 5095?
9
What is the remainder when 11358 is divided by 3785?
3
What is the remainder when 225398 is divided by 341?
338
What is the remainder when 10460 is divided by 96?
92
What is the remainder when 3679258 is divided by 39?
37
Calculate the remainder when 3389 is divided by 236.
85
What is the remainder when 14474 is divided by 2891?
19
What is the remainder when 8947 is divided by 15?
7
What is the remainder when 4592 is divided by 25?
17
What is the remainder when 7549 is divided by 51?
1
What is the remainder when 409304 is divided by 21?
14
Calculate the remainder when 3128 is divided by 127.
80
What is the remainder when 3659037 is divided by 224?
221
What is the remainder when 2300 is divided by 612?
464
Calculate the remainder when 6166 is divided by 2730.
706
What is the remainder when 36960 is divided by 2910?
2040
Calculate the remainder when 32269 is divided by 4608.
13
What is the remainder when 39791 is divided by 539?
444
Calculate the remainder when 8736 is divided by 257.
255
What is the remainder when 15676 is divided by 1306?
4
Calculate the remainder when 3362 is divided by 1579.
204
What is the remainder when 4880 is divided by 57?
35
Calculate the remainder when 355879 is divided by 939.
937
What is the remainder when 338 is divided by 66?
8
What is the remainder when 44937 is divided by 21?
18
What is the remainder when 21596 is divided by 636?
608
Calculate the remainder when 642903 is divided by 561.
558
What is the remainder when 47655 is divided by 64?
39
What is the remainder when 1667637 is divided by 1560?
1557
What is the remainder when 589317 is divided by 360?
357
What is the remainder when 7352 is divided by 209?
37
Calculate the remainder when 12173 is divided by 505.
53
What is the remainder when 241117 is divided by 367?
365
Calculate the remainder when 6788 is divided by 70.
68
Calculate the remainder when 4908 is divided by 4880.
28
Calculate the remainder when 82848 is divided by 1315.
3
Calculate the remainder when 7071 is divided by 52.
51
What is the remainder when 51741 is divided by 98?
95
Calculate the remainder when 2020 is divided by 42.
4
What is the remainder when 280666 is divided by 49?
43
Calculate the remainder when 1799 is divided by 1780.
19
Calculate the remainder when 2648 is divided by 518.
58
What is the remainder when 30919 is divided by 483?
7
What is the remainder when 1631589 is divided by 408?
405
Calculate the remainder when 5146 is divided by 1285.
6
Calculate the remainder when 5601 is divided by 147.
15
Calculate the remainder when 13812 is divided by 13806.
6
Calculate the remainder when 5360 is divided by 412.
4
Calculate the remainder when 8341 is divided by 4032.
277
Calculate the remainder when 707934 is divided by 21452.
18
What is the remainder when 94278 is divided by 22?
8
What is the remainder when 14720 is divided by 207?
23
What is the remainder when 13787 is divided by 114?
107
What is the remainder when 2871 is divided by 413?
393
Calculate the remainder when 21617 is divided by 679.
568
What is the remainder when 310803 is divided by 878?
869
What is the remainder when 267574 is divided by 35?
34
What is the remainder when 268395 is divided by 50?
45
What is the remainder when 18804 is divided by 1705?
49
What is the remainder when 92732 is divided by 63?
59
What is the remainder when 2374 is divided by 609?
547
What is the remainder when 6306 is divided by 5473?
833
What is the remainder when 181967 is divided by 643?
641
Calculate the remainder when 12359 is divided by 1374.
1367
Calculate the remainder when 132790 is divided by 585.
580
What is the remainder when 48516 is divided by 12122?
28
What is the remainder when 70165 is divided by 258?
247
What is the remainder when 8989 is divided by 5?
4
Calculate the remainder when 635 is divided by 58.
55
Calculate the remainder when 40326 is divided by 545.
541
Calculate the remainder when 60028 is divided by 6001.
18
Calculate the remainder when 15588 is divided by 1376.
452
What is the remainder when 10828 is divided by 33?
4
What is the remainder when 14789 is divided by 83?
15
Calculate the remainder when 13417 is divided by 6664.
89
What is the remainder when 1226 is divided by 1188?
38
Calculate the remainder when 2537608 is divided by 22.
18
What is the remainder when 9958 is divided by 3124?
586
What is the remainder when 21685 is divided by 13?
1
Calculate the remainder when 364969 is divided by 189.
10
Calculate the remainder when 2678371 is divided by 513.
511
What is the remainder when 375205 is divided by 96?
37
Calculate the remainder when 809021 is divided by 2043.
2036
What is the remainder when 6950 is divided by 3456?
38
Calculate the remainder when 14780 is divided by 665.
150
What is the remainder when 3939 is divided by 1947?
45
What is the remainder when 671376 is divided by 67136?
16
Calculate the remainder when 50172 is divided by 74.
0
What is the remainder when 51943 is divided by 1923?
22
What is the remainder when 18053 is divided by 20?
13
What is the remainder when 7511 is divided by 1499?
16
Calculate the remainder when 732 is divided by 586.
146
Calculate the remainder when 1775 is divided by 149.
136
What is the remainder when 85858 is divided by 108?
106
Calculate the remainder when 2826 is divided by 753.
567
What is the remainder when 4428 is d